Last updated on 2025-04-30 04:50:16 CEST.
Flavor | Version | Tinstall | Tcheck | Ttotal | Status | Flags |
---|---|---|---|---|---|---|
r-devel-linux-x86_64-debian-clang | 0.2-3 | 19.22 | 139.68 | 158.90 | NOTE | |
r-devel-linux-x86_64-debian-gcc | 0.3-0 | 13.90 | 103.84 | 117.74 | OK | |
r-devel-linux-x86_64-fedora-clang | 0.3-0 | 276.06 | OK | |||
r-devel-linux-x86_64-fedora-gcc | 0.3-0 | 262.94 | OK | |||
r-devel-windows-x86_64 | 0.2-3 | 26.00 | 205.00 | 231.00 | NOTE | |
r-patched-linux-x86_64 | 0.2-3 | 19.42 | 131.49 | 150.91 | NOTE | |
r-release-linux-x86_64 | 0.2-3 | 18.73 | 133.22 | 151.95 | NOTE | |
r-release-macos-arm64 | 0.3-0 | 73.00 | OK | |||
r-release-macos-x86_64 | 0.3-0 | 117.00 | OK | |||
r-release-windows-x86_64 | 0.3-0 | 20.00 | 144.00 | 164.00 | OK | |
r-oldrel-macos-arm64 | 0.3-0 | 108.00 | OK | |||
r-oldrel-macos-x86_64 | 0.3-0 | 124.00 | OK | |||
r-oldrel-windows-x86_64 | 0.2-3 | 22.00 | 169.00 | 191.00 | OK |
Version: 0.2-3
Check: CRAN incoming feasibility
Result: NOTE
Maintainer: ‘Hideo Aizaki <azk-r@spa.nifty.com>’
No Authors@R field in DESCRIPTION.
Please add one, modifying
Authors@R: person(given = "Hideo",
family = "Aizaki",
role = c("aut", "cre"),
email = "azk-r@spa.nifty.com")
as necessary.
Flavor: r-devel-linux-x86_64-debian-clang
Version: 0.2-3
Check: Rd cross-references
Result: NOTE
Found the following Rd file(s) with Rd \link{} targets missing package
anchors:
RcmdrPlugin.BWS3-package.Rd: support.BWS3, support.CEs, Rcmdr
Please provide package anchors for all Rd \link{} targets not in the
package itself and the base packages.
Flavors: r-devel-linux-x86_64-debian-clang, r-devel-windows-x86_64, r-patched-linux-x86_64, r-release-linux-x86_64