CRAN Package Check Results for Package RcmdrPlugin.DCCV

Last updated on 2025-04-30 04:50:16 CEST.

Flavor Version Tinstall Tcheck Ttotal Status Flags
r-devel-linux-x86_64-debian-clang 0.1-5 17.90 133.58 151.48 NOTE
r-devel-linux-x86_64-debian-gcc 0.1-5 13.25 97.65 110.90 NOTE
r-devel-linux-x86_64-fedora-clang 0.1-5 265.60 OK
r-devel-linux-x86_64-fedora-gcc 0.1-5 255.55 OK
r-devel-windows-x86_64 0.1-5 25.00 208.00 233.00 OK
r-patched-linux-x86_64 0.1-5 18.05 129.63 147.68 OK
r-release-linux-x86_64 0.1-5 16.82 127.44 144.26 OK
r-release-macos-arm64 0.1-5 91.00 OK
r-release-macos-x86_64 0.1-5 142.00 OK
r-release-windows-x86_64 0.1-5 30.00 155.00 185.00 OK
r-oldrel-macos-arm64 0.1-5 88.00 OK
r-oldrel-macos-x86_64 0.1-5 107.00 OK
r-oldrel-windows-x86_64 0.1-5 22.00 166.00 188.00 OK

Check Details

Version: 0.1-5
Check: CRAN incoming feasibility
Result: NOTE Maintainer: ‘Hideo Aizaki <azk-r@spa.nifty.com>’ No Authors@R field in DESCRIPTION. Please add one, modifying Authors@R: person(given = "Hideo", family = "Aizaki", role = c("aut", "cre"), email = "azk-r@spa.nifty.com") as necessary. Flavors: r-devel-linux-x86_64-debian-clang, r-devel-linux-x86_64-debian-gcc