CRAN Package Check Results for Package RcmdrPlugin.EACSPIR

Last updated on 2025-04-30 04:50:16 CEST.

Flavor Version Tinstall Tcheck Ttotal Status Flags
r-devel-linux-x86_64-debian-clang 0.2-3 25.22 158.44 183.66 NOTE
r-devel-linux-x86_64-debian-gcc 0.2-3 16.29 112.76 129.05 NOTE
r-devel-linux-x86_64-fedora-clang 0.2-3 317.50 OK
r-devel-linux-x86_64-fedora-gcc 0.2-3 303.56 OK
r-devel-windows-x86_64 0.2-3 33.00 233.00 266.00 OK
r-patched-linux-x86_64 0.2-3 22.89 149.46 172.35 OK
r-release-linux-x86_64 0.2-3 23.67 148.68 172.35 OK
r-release-macos-arm64 0.2-3 96.00 OK
r-release-macos-x86_64 0.2-3 151.00 OK
r-release-windows-x86_64 0.2-3 37.00 216.00 253.00 OK
r-oldrel-macos-arm64 0.2-3 91.00 OK
r-oldrel-macos-x86_64 0.2-3 119.00 OK
r-oldrel-windows-x86_64 0.2-3 27.00 171.00 198.00 OK

Check Details

Version: 0.2-3
Check: CRAN incoming feasibility
Result: NOTE Maintainer: ‘David Leiva <dleivaur@ub.edu>’ No Authors@R field in DESCRIPTION. Please add one, modifying Authors@R: c(person(given = "Maribel", family = "Pero", role = "aut", email = "mpero@ub.edu"), person(given = "David", family = "Leiva", role = c("aut", "cre"), email = "dleivaur@ub.edu"), person(given = "Joan", family = "Guardia", role = "aut", email = "jguardia@ub.edu"), person(given = "Antonio", family = "Solanas", role = "aut", email = "antonio.solanas@ub.edu")) as necessary. Flavors: r-devel-linux-x86_64-debian-clang, r-devel-linux-x86_64-debian-gcc