Last updated on 2025-11-03 03:49:53 CET.
| Flavor | Version | Tinstall | Tcheck | Ttotal | Status | Flags |
|---|---|---|---|---|---|---|
| r-devel-linux-x86_64-debian-clang | 1.68 | 44.68 | 215.60 | 260.28 | NOTE | |
| r-devel-linux-x86_64-debian-gcc | 1.68 | 32.19 | 152.43 | 184.62 | NOTE | |
| r-devel-linux-x86_64-fedora-clang | 1.68 | 113.00 | 314.13 | 427.13 | NOTE | |
| r-devel-linux-x86_64-fedora-gcc | 1.68 | 234.00 | 204.71 | 438.71 | NOTE | |
| r-devel-windows-x86_64 | 1.68 | 59.00 | 326.00 | 385.00 | OK | |
| r-patched-linux-x86_64 | 1.68 | 49.48 | 223.28 | 272.76 | OK | |
| r-release-linux-x86_64 | 1.68 | 49.87 | 224.77 | 274.64 | OK | |
| r-release-macos-arm64 | 1.68 | 39.00 | 127.00 | 166.00 | OK | |
| r-release-macos-x86_64 | 1.68 | 45.00 | 172.00 | 217.00 | OK | |
| r-release-windows-x86_64 | 1.68 | 60.00 | 303.00 | 363.00 | OK | |
| r-oldrel-macos-arm64 | 1.68 | 52.00 | 50.00 | 102.00 | OK | |
| r-oldrel-macos-x86_64 | 1.68 | 70.00 | 102.00 | 172.00 | OK | |
| r-oldrel-windows-x86_64 | 1.68 | 55.00 | 226.00 | 281.00 | OK |
Version: 1.68
Check: CRAN incoming feasibility
Result: NOTE
Maintainer: ‘Yoshinobu Kanda <ycanda-tky@umin.ac.jp>’
No Authors@R field in DESCRIPTION.
Please add one, modifying
Authors@R: person(given = "Yoshinobu",
family = "Kanda",
role = c("aut", "cre"),
email = "ycanda-tky@umin.ac.jp")
as necessary.
Flavors: r-devel-linux-x86_64-debian-clang, r-devel-linux-x86_64-debian-gcc
Version: 1.68
Check: Rd files
Result: NOTE
checkRd: (-1) EZR.Rd:101-107: Only 2 columns allowed in this table (row 6 has 1)
Flavors: r-devel-linux-x86_64-debian-clang, r-devel-linux-x86_64-debian-gcc, r-devel-linux-x86_64-fedora-clang, r-devel-linux-x86_64-fedora-gcc