Last updated on 2025-04-30 04:50:16 CEST.
Flavor | Version | Tinstall | Tcheck | Ttotal | Status | Flags |
---|---|---|---|---|---|---|
r-devel-linux-x86_64-debian-clang | 4.8.2 | 20.23 | 161.18 | 181.41 | NOTE | |
r-devel-linux-x86_64-debian-gcc | 4.8.2 | 16.39 | 122.84 | 139.23 | NOTE | |
r-devel-linux-x86_64-fedora-clang | 4.8.2 | 312.86 | OK | |||
r-devel-linux-x86_64-fedora-gcc | 4.8.2 | 315.35 | OK | |||
r-devel-windows-x86_64 | 4.8.2 | 30.00 | 239.00 | 269.00 | OK | |
r-patched-linux-x86_64 | 4.8.2 | 19.94 | 156.27 | 176.21 | OK | |
r-release-linux-x86_64 | 4.8.2 | 19.68 | 155.46 | 175.14 | OK | |
r-release-macos-arm64 | 4.8.2 | 107.00 | OK | |||
r-release-macos-x86_64 | 4.8.2 | 174.00 | OK | |||
r-release-windows-x86_64 | 4.8.2 | 32.00 | 225.00 | 257.00 | OK | |
r-oldrel-macos-arm64 | 4.8.2 | 104.00 | OK | |||
r-oldrel-macos-x86_64 | 4.8.2 | 139.00 | OK | |||
r-oldrel-windows-x86_64 | 4.8.2 | 24.00 | 189.00 | 213.00 | OK |
Version: 4.8.2
Check: CRAN incoming feasibility
Result: NOTE
Maintainer: ‘Manuel Munoz-Marquez <manuel.munoz@uca.es>’
No Authors@R field in DESCRIPTION.
Please add one, modifying
Authors@R: person(given = "Manuel",
family = "Munoz-Marquez",
role = c("aut", "cre"),
email = "manuel.munoz@uca.es")
as necessary.
Flavors: r-devel-linux-x86_64-debian-clang, r-devel-linux-x86_64-debian-gcc