Last updated on 2025-04-30 04:50:16 CEST.
Flavor | Version | Tinstall | Tcheck | Ttotal | Status | Flags |
---|---|---|---|---|---|---|
r-devel-linux-x86_64-debian-clang | 0.3-0 | 19.41 | 135.58 | 154.99 | NOTE | |
r-devel-linux-x86_64-debian-gcc | 0.3-0 | 16.46 | 102.68 | 119.14 | NOTE | |
r-devel-linux-x86_64-fedora-clang | 0.3-0 | 270.51 | OK | |||
r-devel-linux-x86_64-fedora-gcc | 0.3-0 | 262.30 | OK | |||
r-devel-windows-x86_64 | 0.3-0 | 29.00 | 223.00 | 252.00 | OK | |
r-patched-linux-x86_64 | 0.3-0 | 18.92 | 129.85 | 148.77 | OK | |
r-release-linux-x86_64 | 0.3-0 | 19.14 | 131.55 | 150.69 | OK | |
r-release-macos-arm64 | 0.3-0 | 91.00 | OK | |||
r-release-macos-x86_64 | 0.3-0 | 142.00 | OK | |||
r-release-windows-x86_64 | 0.3-0 | 32.00 | 205.00 | 237.00 | OK | |
r-oldrel-macos-arm64 | 0.3-0 | 90.00 | OK | |||
r-oldrel-macos-x86_64 | 0.3-0 | 113.00 | OK | |||
r-oldrel-windows-x86_64 | 0.3-0 | 22.00 | 167.00 | 189.00 | OK |
Version: 0.3-0
Check: CRAN incoming feasibility
Result: NOTE
Maintainer: ‘Liviu Andronic <landronimirc@gmail.com>’
No Authors@R field in DESCRIPTION.
Please add one, modifying
Authors@R: person(given = "Liviu",
family = "Andronic",
role = c("aut", "cre"),
email = "landronimirc@gmail.com")
as necessary.
Flavors: r-devel-linux-x86_64-debian-clang, r-devel-linux-x86_64-debian-gcc