Last updated on 2025-04-30 04:50:16 CEST.
Flavor | Version | Tinstall | Tcheck | Ttotal | Status | Flags |
---|---|---|---|---|---|---|
r-devel-linux-x86_64-debian-clang | 1.3-2 | 20.97 | 145.19 | 166.16 | NOTE | |
r-devel-linux-x86_64-debian-gcc | 1.3-2 | 16.92 | 105.30 | 122.22 | NOTE | |
r-devel-linux-x86_64-fedora-clang | 1.3-2 | 288.01 | OK | |||
r-devel-linux-x86_64-fedora-gcc | 1.3-2 | 277.68 | OK | |||
r-devel-windows-x86_64 | 1.3-2 | 21.00 | 135.00 | 156.00 | OK | |
r-patched-linux-x86_64 | 1.3-2 | 20.46 | 137.48 | 157.94 | OK | |
r-release-linux-x86_64 | 1.3-2 | 20.70 | 136.54 | 157.24 | OK | |
r-release-macos-arm64 | 1.3-2 | 88.00 | OK | |||
r-release-macos-x86_64 | 1.3-2 | 145.00 | OK | |||
r-release-windows-x86_64 | 1.3-2 | 30.00 | 208.00 | 238.00 | OK | |
r-oldrel-macos-arm64 | 1.3-2 | 87.00 | OK | |||
r-oldrel-macos-x86_64 | 1.3-2 | 115.00 | OK | |||
r-oldrel-windows-x86_64 | 1.3-2 | 24.00 | 170.00 | 194.00 | OK |
Version: 1.3-2
Check: CRAN incoming feasibility
Result: NOTE
Maintainer: ‘John Fox <jfox@mcmaster.ca>’
No Authors@R field in DESCRIPTION.
Please add one, modifying
Authors@R: person(given = "John",
family = "Fox",
role = c("aut", "cre"),
email = "jfox@mcmaster.ca")
as necessary.
Flavors: r-devel-linux-x86_64-debian-clang, r-devel-linux-x86_64-debian-gcc