Last updated on 2025-04-30 04:50:16 CEST.
Flavor | Version | Tinstall | Tcheck | Ttotal | Status | Flags |
---|---|---|---|---|---|---|
r-devel-linux-x86_64-debian-clang | 0.7.12 | 28.56 | 181.18 | 209.74 | OK | |
r-devel-linux-x86_64-debian-gcc | 0.7.12 | 22.57 | 131.13 | 153.70 | OK | |
r-devel-linux-x86_64-fedora-clang | 0.7.12 | 362.39 | OK | |||
r-devel-linux-x86_64-fedora-gcc | 0.7.12 | 350.73 | OK | |||
r-devel-windows-x86_64 | 0.7.12 | 35.00 | 251.00 | 286.00 | OK | |
r-patched-linux-x86_64 | 0.7.12 | 28.94 | 174.62 | 203.56 | OK | |
r-release-linux-x86_64 | 0.7.12 | 27.88 | 171.98 | 199.86 | OK | |
r-release-macos-arm64 | 0.7.12 | 82.00 | OK | |||
r-release-macos-x86_64 | 0.7.12 | 120.00 | OK | |||
r-release-windows-x86_64 | 0.7.12 | 37.00 | 237.00 | 274.00 | OK | |
r-oldrel-macos-arm64 | 0.7.12 | 131.00 | NOTE | |||
r-oldrel-macos-x86_64 | 0.7.12 | 121.00 | NOTE | |||
r-oldrel-windows-x86_64 | 0.7.12 | 33.00 | 202.00 | 235.00 | NOTE |
Version: 0.7.12
Check: package dependencies
Result: NOTE
Package suggested but not available for checking: ‘ROpenOffice’
Flavors: r-oldrel-macos-arm64, r-oldrel-macos-x86_64, r-oldrel-windows-x86_64