Last updated on 2025-04-30 04:50:16 CEST.
Flavor | Version | Tinstall | Tcheck | Ttotal | Status | Flags |
---|---|---|---|---|---|---|
r-devel-linux-x86_64-debian-clang | 0.9.13 | 47.74 | 25.68 | 73.42 | NOTE | |
r-devel-linux-x86_64-debian-gcc | 0.9.13 | 28.46 | 20.75 | 49.21 | NOTE | |
r-devel-linux-x86_64-fedora-clang | 0.9.13 | 142.70 | OK | |||
r-devel-linux-x86_64-fedora-gcc | 0.9.13 | 128.23 | OK | |||
r-devel-windows-x86_64 | 0.9.13 | 56.00 | 118.00 | 174.00 | OK | |
r-patched-linux-x86_64 | 0.9.13 | 42.17 | 24.69 | 66.86 | OK | |
r-release-linux-x86_64 | 0.9.13 | 41.49 | 24.63 | 66.12 | OK | |
r-release-macos-arm64 | 0.9.13 | 71.00 | OK | |||
r-release-macos-x86_64 | 0.9.13 | 106.00 | OK | |||
r-release-windows-x86_64 | 0.9.13 | 56.00 | 120.00 | 176.00 | OK | |
r-oldrel-macos-arm64 | 0.9.13 | 60.00 | OK | |||
r-oldrel-macos-x86_64 | 0.9.13 | 92.00 | OK | |||
r-oldrel-windows-x86_64 | 0.9.13 | 58.00 | 129.00 | 187.00 | OK |
Version: 0.9.13
Check: CRAN incoming feasibility
Result: NOTE
Maintainer: ‘Dirk Eddelbuettel <edd@debian.org>’
No Authors@R field in DESCRIPTION.
Please add one, modifying
Authors@R: c(person(given = "Dirk",
family = "Eddelbuettel",
role = c("aut", "cre"),
email = "edd@debian.org"),
person(given = "Romain",
family = "Francois",
role = "aut"),
person(given = c("with", "contributions", "by", "David"),
family = "Reiss",
role = "aut"),
person(given = c("and", "based", "on", "code", "written", "during"),
family = "2005",
role = "aut"),
person(given = c("2006", "by", "Dominick"),
family = "Samperi",
role = "aut"))
as necessary.
Flavors: r-devel-linux-x86_64-debian-clang, r-devel-linux-x86_64-debian-gcc