Last updated on 2025-04-30 04:50:16 CEST.
Flavor | Version | Tinstall | Tcheck | Ttotal | Status | Flags |
---|---|---|---|---|---|---|
r-devel-linux-x86_64-debian-clang | 0.0.5 | 1.23 | 19.47 | 20.70 | NOTE | |
r-devel-linux-x86_64-debian-gcc | 0.0.5 | 0.95 | 16.50 | 17.45 | NOTE | |
r-devel-linux-x86_64-fedora-clang | 0.0.5 | 32.34 | OK | |||
r-devel-linux-x86_64-fedora-gcc | 0.0.5 | 35.53 | OK | |||
r-devel-windows-x86_64 | 0.0.5 | 2.00 | 34.00 | 36.00 | OK | |
r-patched-linux-x86_64 | 0.0.5 | 1.33 | 20.14 | 21.47 | OK | |
r-release-linux-x86_64 | 0.0.5 | 1.14 | 20.70 | 21.84 | OK | |
r-release-macos-arm64 | 0.0.5 | 15.00 | OK | |||
r-release-macos-x86_64 | 0.0.5 | 27.00 | OK | |||
r-release-windows-x86_64 | 0.0.5 | 2.00 | 38.00 | 40.00 | OK | |
r-oldrel-macos-arm64 | 0.0.5 | 50.00 | OK | |||
r-oldrel-macos-x86_64 | 0.0.5 | 68.00 | OK | |||
r-oldrel-windows-x86_64 | 0.0.5 | 2.00 | 33.00 | 35.00 | OK |
Version: 0.0.5
Check: examples
Result: NOTE
Examples with CPU (user + system) or elapsed time > 5s
user system elapsed
RcppDate-package 6.868 0.319 8.879
Flavor: r-devel-linux-x86_64-debian-clang
Version: 0.0.5
Check: examples
Result: NOTE
Examples with CPU (user + system) or elapsed time > 5s
user system elapsed
RcppDate-package 5.784 0.329 8.243
Flavor: r-devel-linux-x86_64-debian-gcc