Last updated on 2025-04-30 04:50:16 CEST.
Flavor | Version | Tinstall | Tcheck | Ttotal | Status | Flags |
---|---|---|---|---|---|---|
r-devel-linux-x86_64-debian-clang | 0.3.4.0.2 | 54.88 | 39.72 | 94.60 | OK | |
r-devel-linux-x86_64-debian-gcc | 0.3.4.0.2 | 46.10 | 35.13 | 81.23 | OK | |
r-devel-linux-x86_64-fedora-clang | 0.3.4.0.2 | 148.40 | OK | |||
r-devel-linux-x86_64-fedora-gcc | 0.3.4.0.2 | 188.57 | OK | |||
r-devel-windows-x86_64 | 0.3.4.0.2 | 75.00 | 210.00 | 285.00 | OK | |
r-patched-linux-x86_64 | 0.3.4.0.2 | 62.91 | 42.78 | 105.69 | OK | |
r-release-linux-x86_64 | 0.3.4.0.2 | 57.53 | 42.80 | 100.33 | OK | |
r-release-macos-arm64 | 0.3.4.0.2 | 92.00 | OK | |||
r-release-macos-x86_64 | 0.3.4.0.2 | 215.00 | OK | |||
r-release-windows-x86_64 | 0.3.4.0.2 | 76.00 | 207.00 | 283.00 | OK | |
r-oldrel-macos-arm64 | 0.3.4.0.2 | 80.00 | NOTE | |||
r-oldrel-macos-x86_64 | 0.3.4.0.2 | 399.00 | NOTE | |||
r-oldrel-windows-x86_64 | 0.3.4.0.2 | 76.00 | 225.00 | 301.00 | NOTE |
Version: 0.3.4.0.2
Check: installed package size
Result: NOTE
installed size is 34.0Mb
sub-directories of 1Mb or more:
include 9.5Mb
libs 24.1Mb
Flavors: r-oldrel-macos-arm64, r-oldrel-macos-x86_64, r-oldrel-windows-x86_64