CRAN Package Check Results for Package RcppExamples

Last updated on 2025-02-22 05:51:48 CET.

Flavor Version Tinstall Tcheck Ttotal Status Flags
r-devel-linux-x86_64-debian-clang 0.1.9 30.55 21.96 52.51 NOTE
r-devel-linux-x86_64-debian-gcc 0.1.9 20.97 17.60 38.57 NOTE
r-devel-linux-x86_64-fedora-clang 0.1.9 109.21 NOTE
r-devel-linux-x86_64-fedora-gcc 0.1.9 91.80 NOTE
r-devel-macos-arm64 0.1.9 29.00 NOTE
r-devel-macos-x86_64 0.1.9 46.00 NOTE
r-devel-windows-x86_64 0.1.9 35.00 69.00 104.00 OK
r-patched-linux-x86_64 0.1.9 30.61 21.17 51.78 NOTE
r-release-linux-x86_64 0.1.9 30.14 21.03 51.17 NOTE
r-release-macos-arm64 0.1.9 33.00 NOTE
r-release-macos-x86_64 0.1.9 43.00 NOTE
r-release-windows-x86_64 0.1.9 36.00 74.00 110.00 OK
r-oldrel-macos-arm64 0.1.9 34.00 NOTE
r-oldrel-macos-x86_64 0.1.9 54.00 NOTE
r-oldrel-windows-x86_64 0.1.9 41.00 89.00 130.00 OK

Check Details

Version: 0.1.9
Check: C++ specification
Result: NOTE Specified C++11: please drop specification unless essential Flavors: r-devel-linux-x86_64-debian-clang, r-devel-linux-x86_64-debian-gcc, r-devel-linux-x86_64-fedora-clang, r-devel-linux-x86_64-fedora-gcc, r-devel-macos-arm64, r-devel-macos-x86_64, r-patched-linux-x86_64, r-release-linux-x86_64, r-release-macos-arm64, r-release-macos-x86_64, r-oldrel-macos-arm64, r-oldrel-macos-x86_64