CRAN Package Check Results for Package RcppSpdlog

Last updated on 2025-04-30 04:50:16 CEST.

Flavor Version Tinstall Tcheck Ttotal Status Flags
r-devel-linux-x86_64-debian-clang 0.0.21 60.62 29.04 89.66 OK
r-devel-linux-x86_64-debian-gcc 0.0.21 46.44 23.07 69.51 OK
r-devel-linux-x86_64-fedora-clang 0.0.21 126.57 OK
r-devel-linux-x86_64-fedora-gcc 0.0.21 179.71 OK
r-devel-windows-x86_64 0.0.21 70.00 93.00 163.00 OK
r-patched-linux-x86_64 0.0.21 66.53 26.12 92.65 OK
r-release-linux-x86_64 0.0.21 68.19 26.29 94.48 OK
r-release-macos-arm64 0.0.21 48.00 OK
r-release-macos-x86_64 0.0.21 77.00 OK
r-release-windows-x86_64 0.0.21 71.00 102.00 173.00 OK
r-oldrel-macos-arm64 0.0.21 86.00 NOTE
r-oldrel-macos-x86_64 0.0.21 112.00 NOTE
r-oldrel-windows-x86_64 0.0.21 87.00 86.00 173.00 OK

Check Details

Version: 0.0.21
Check: installed package size
Result: NOTE installed size is 6.9Mb sub-directories of 1Mb or more: include 1.2Mb libs 5.4Mb Flavors: r-oldrel-macos-arm64, r-oldrel-macos-x86_64