Last updated on 2025-04-30 04:50:16 CEST.
Flavor | Version | Tinstall | Tcheck | Ttotal | Status | Flags |
---|---|---|---|---|---|---|
r-devel-linux-x86_64-debian-clang | 0.0.6 | 9.10 | 25.79 | 34.89 | NOTE | |
r-devel-linux-x86_64-debian-gcc | 0.0.6 | 6.62 | 19.87 | 26.49 | NOTE | |
r-devel-linux-x86_64-fedora-clang | 0.0.6 | 56.21 | OK | |||
r-devel-linux-x86_64-fedora-gcc | 0.0.6 | 57.00 | OK | |||
r-devel-windows-x86_64 | 0.0.6 | 16.00 | 70.00 | 86.00 | OK | |
r-patched-linux-x86_64 | 0.0.6 | 10.76 | 24.69 | 35.45 | OK | |
r-release-linux-x86_64 | 0.0.6 | 10.83 | 24.70 | 35.53 | OK | |
r-release-macos-arm64 | 0.0.6 | 25.00 | OK | |||
r-release-macos-x86_64 | 0.0.6 | 42.00 | OK | |||
r-release-windows-x86_64 | 0.0.6 | 15.00 | 69.00 | 84.00 | OK | |
r-oldrel-macos-arm64 | 0.0.6 | 22.00 | OK | |||
r-oldrel-macos-x86_64 | 0.0.6 | 36.00 | OK | |||
r-oldrel-windows-x86_64 | 0.0.6 | 16.00 | 70.00 | 86.00 | OK |
Version: 0.0.6
Check: CRAN incoming feasibility
Result: NOTE
Maintainer: ‘Dirk Eddelbuettel <edd@debian.org>’
No Authors@R field in DESCRIPTION.
Please add one, modifying
Authors@R: person(given = "Dirk",
family = "Eddelbuettel",
role = c("aut", "cre"),
email = "edd@debian.org")
as necessary.
Flavors: r-devel-linux-x86_64-debian-clang, r-devel-linux-x86_64-debian-gcc