CRAN Package Check Results for Package Rdrw

Last updated on 2025-04-30 04:50:16 CEST.

Flavor Version Tinstall Tcheck Ttotal Status Flags
r-devel-linux-x86_64-debian-clang 1.0.2 2.63 20.88 23.51 NOTE
r-devel-linux-x86_64-debian-gcc 1.0.2 1.91 16.41 18.32 NOTE
r-devel-linux-x86_64-fedora-clang 1.0.2 37.37 OK
r-devel-linux-x86_64-fedora-gcc 1.0.2 35.38 OK
r-devel-windows-x86_64 1.0.2 3.00 43.00 46.00 OK
r-patched-linux-x86_64 1.0.2 2.70 20.19 22.89 OK
r-release-linux-x86_64 1.0.2 2.55 20.00 22.55 OK
r-release-macos-arm64 1.0.2 15.00 OK
r-release-macos-x86_64 1.0.2 25.00 OK
r-release-windows-x86_64 1.0.2 4.00 44.00 48.00 OK
r-oldrel-macos-arm64 1.0.2 15.00 OK
r-oldrel-macos-x86_64 1.0.2 21.00 OK
r-oldrel-windows-x86_64 1.0.2 4.00 43.00 47.00 OK

Check Details

Version: 1.0.2
Check: CRAN incoming feasibility
Result: NOTE Maintainer: ‘Hyungsuk Tak <hyungsuk.tak@gmail.com>’ No Authors@R field in DESCRIPTION. Please add one, modifying Authors@R: c(person(given = "Zhirui", family = "Hu", role = "aut"), person(given = "Hyungsuk", family = "Tak", role = c("aut", "cre"), email = "hyungsuk.tak@gmail.com")) as necessary. The Description field contains Also see Hu and Tak (2020) <arXiv:2005.08049>. Please refer to arXiv e-prints via their arXiv DOI <doi:10.48550/arXiv.YYMM.NNNNN>. Flavors: r-devel-linux-x86_64-debian-clang, r-devel-linux-x86_64-debian-gcc