Last updated on 2025-04-30 04:50:16 CEST.
Flavor | Version | Tinstall | Tcheck | Ttotal | Status | Flags |
---|---|---|---|---|---|---|
r-devel-linux-x86_64-debian-clang | 1.0.1 | 7.32 | 63.18 | 70.50 | NOTE | |
r-devel-linux-x86_64-debian-gcc | 1.0.1 | 5.78 | 48.06 | 53.84 | NOTE | |
r-devel-linux-x86_64-fedora-clang | 1.0.1 | 109.74 | OK | |||
r-devel-linux-x86_64-fedora-gcc | 1.0.1 | 104.91 | OK | |||
r-devel-windows-x86_64 | 1.0.1 | 9.00 | 81.00 | 90.00 | OK | |
r-patched-linux-x86_64 | 1.0.1 | 7.80 | 60.79 | 68.59 | OK | |
r-release-linux-x86_64 | 1.0.1 | 7.21 | 61.34 | 68.55 | OK | |
r-release-macos-arm64 | 1.0.1 | 33.00 | OK | |||
r-release-macos-x86_64 | 1.0.1 | 55.00 | OK | |||
r-release-windows-x86_64 | 1.0.1 | 9.00 | 80.00 | 89.00 | OK | |
r-oldrel-macos-arm64 | 1.0.1 | 33.00 | OK | |||
r-oldrel-macos-x86_64 | 1.0.1 | 45.00 | OK | |||
r-oldrel-windows-x86_64 | 1.0.1 | 10.00 | 91.00 | 101.00 | OK |
Version: 1.0.1
Check: CRAN incoming feasibility
Result: NOTE
Maintainer: ‘Hyungsuk Tak <hyungsuk.tak@gmail.com>’
No Authors@R field in DESCRIPTION.
Please add one, modifying
Authors@R: c(person(given = "Hyungsuk",
family = "Tak",
role = c("aut", "cre"),
email = "hyungsuk.tak@gmail.com"),
person(given = "Kisung",
family = "You",
role = "aut"),
person(given = c("Sujit", "K."),
family = "Ghosh",
role = "aut"),
person(given = "Bingyue",
family = "Su",
role = "aut"))
as necessary.
Flavors: r-devel-linux-x86_64-debian-clang, r-devel-linux-x86_64-debian-gcc