Last updated on 2025-04-30 04:50:16 CEST.
Flavor | Version | Tinstall | Tcheck | Ttotal | Status | Flags |
---|---|---|---|---|---|---|
r-devel-linux-x86_64-debian-clang | 1.0.15 | 42.63 | 168.23 | 210.86 | NOTE | |
r-devel-linux-x86_64-debian-gcc | 1.0.15 | 31.10 | 113.48 | 144.58 | OK | |
r-devel-linux-x86_64-fedora-clang | 1.0.15 | 385.50 | OK | |||
r-devel-linux-x86_64-fedora-gcc | 1.0.15 | 354.39 | OK | |||
r-devel-windows-x86_64 | 1.0.15 | 51.00 | 245.00 | 296.00 | OK | |
r-patched-linux-x86_64 | 1.0.15 | 48.88 | 163.07 | 211.95 | OK | |
r-release-linux-x86_64 | 1.0.15 | 44.03 | 158.89 | 202.92 | OK | |
r-release-macos-arm64 | 1.0.15 | 110.00 | OK | |||
r-release-macos-x86_64 | 1.0.15 | 184.00 | OK | |||
r-release-windows-x86_64 | 1.0.15 | 52.00 | 241.00 | 293.00 | OK | |
r-oldrel-macos-arm64 | 1.0.15 | 89.00 | OK | |||
r-oldrel-macos-x86_64 | 1.0.15 | 169.00 | OK | |||
r-oldrel-windows-x86_64 | 1.0.15 | 59.00 | 280.00 | 339.00 | OK |
Version: 1.0.15
Check: examples
Result: NOTE
Examples with CPU (user + system) or elapsed time > 5s
user system elapsed
soa 3.717 0.107 5.282
Flavor: r-devel-linux-x86_64-debian-clang