Last updated on 2025-04-30 04:50:16 CEST.
Flavor | Version | Tinstall | Tcheck | Ttotal | Status | Flags |
---|---|---|---|---|---|---|
r-devel-linux-x86_64-debian-clang | 2.0.0 | 13.99 | 80.13 | 94.12 | NOTE | |
r-devel-linux-x86_64-debian-gcc | 2.0.0 | 9.62 | 56.39 | 66.01 | NOTE | |
r-devel-linux-x86_64-fedora-clang | 2.0.0 | 143.00 | OK | |||
r-devel-linux-x86_64-fedora-gcc | 2.0.0 | 137.79 | OK | |||
r-devel-windows-x86_64 | 2.0.0 | 13.00 | 89.00 | 102.00 | OK | |
r-patched-linux-x86_64 | 2.0.0 | 14.26 | 74.73 | 88.99 | OK | |
r-release-linux-x86_64 | 2.0.0 | 13.25 | 74.71 | 87.96 | OK | |
r-release-macos-arm64 | 2.0.0 | 33.00 | OK | |||
r-release-macos-x86_64 | 2.0.0 | 60.00 | OK | |||
r-release-windows-x86_64 | 2.0.0 | 14.00 | 95.00 | 109.00 | OK | |
r-oldrel-macos-arm64 | 2.0.0 | 45.00 | OK | |||
r-oldrel-macos-x86_64 | 2.0.0 | 78.00 | OK | |||
r-oldrel-windows-x86_64 | 2.0.0 | 19.00 | 109.00 | 128.00 | OK |
Version: 2.0.0
Check: examples
Result: NOTE
Examples with CPU (user + system) or elapsed time > 5s
user system elapsed
remfpca 7.677 0.022 10.746
Flavor: r-devel-linux-x86_64-debian-clang
Version: 2.0.0
Check: examples
Result: NOTE
Examples with CPU (user + system) or elapsed time > 5s
user system elapsed
remfpca 3.877 0.044 5.512
Flavor: r-devel-linux-x86_64-debian-gcc