Last updated on 2025-04-30 04:50:16 CEST.
Flavor | Version | Tinstall | Tcheck | Ttotal | Status | Flags |
---|---|---|---|---|---|---|
r-devel-linux-x86_64-debian-clang | 0.2.11 | 26.52 | 230.49 | 257.01 | NOTE | |
r-devel-linux-x86_64-debian-gcc | 0.2.11 | 17.19 | 142.44 | 159.63 | NOTE | |
r-devel-linux-x86_64-fedora-clang | 0.2.11 | 401.84 | OK | |||
r-devel-linux-x86_64-fedora-gcc | 0.2.11 | 380.47 | OK | |||
r-devel-windows-x86_64 | 0.2.11 | 24.00 | 170.00 | 194.00 | OK | |
r-patched-linux-x86_64 | 0.2.11 | 26.48 | 217.49 | 243.97 | OK | |
r-release-linux-x86_64 | 0.2.11 | 27.61 | 213.76 | 241.37 | OK | |
r-release-macos-arm64 | 0.2.11 | 76.00 | OK | |||
r-release-macos-x86_64 | 0.2.11 | 182.00 | OK | |||
r-release-windows-x86_64 | 0.2.11 | 23.00 | 178.00 | 201.00 | OK | |
r-oldrel-macos-arm64 | 0.2.11 | 75.00 | OK | |||
r-oldrel-macos-x86_64 | 0.2.11 | 144.00 | OK | |||
r-oldrel-windows-x86_64 | 0.2.11 | 31.00 | 239.00 | 270.00 | OK |
Version: 0.2.11
Check: CRAN incoming feasibility
Result: NOTE
Maintainer: ‘Subhadip Datta <subhadipdatta007@gmail.com>’
No Authors@R field in DESCRIPTION.
Please add one, modifying
Authors@R: person(given = "Subhadip",
family = "Datta",
role = c("aut", "cre"),
email = "subhadipdatta007@gmail.com")
as necessary.
Flavors: r-devel-linux-x86_64-debian-clang, r-devel-linux-x86_64-debian-gcc