CRAN Package Check Results for Package Rearrangement

Last updated on 2025-04-30 04:50:16 CEST.

Flavor Version Tinstall Tcheck Ttotal Status Flags
r-devel-linux-x86_64-debian-clang 2.1 7.70 85.95 93.65 NOTE
r-devel-linux-x86_64-debian-gcc 2.1 5.26 62.02 67.28 NOTE
r-devel-linux-x86_64-fedora-clang 2.1 140.21 OK
r-devel-linux-x86_64-fedora-gcc 2.1 151.45 OK
r-devel-windows-x86_64 2.1 9.00 111.00 120.00 OK
r-patched-linux-x86_64 2.1 7.60 80.67 88.27 OK
r-release-linux-x86_64 2.1 7.48 81.34 88.82 OK
r-release-macos-arm64 2.1 56.00 OK
r-release-macos-x86_64 2.1 110.00 OK
r-release-windows-x86_64 2.1 8.00 112.00 120.00 OK
r-oldrel-macos-arm64 2.1 45.00 OK
r-oldrel-macos-x86_64 2.1 76.00 OK
r-oldrel-windows-x86_64 2.1 10.00 126.00 136.00 OK

Check Details

Version: 2.1
Check: CRAN incoming feasibility
Result: NOTE Maintainer: ‘Ivan Fernandez-Val <ivanf@bu.edu>’ No Authors@R field in DESCRIPTION. Please add one, modifying Authors@R: c(person(given = "Wesley", family = "Graybill", role = "aut"), person(given = "Mingli", family = "Chen", role = "aut"), person(given = "Victor", family = "Chernozhukov", role = "aut"), person(given = "Ivan", family = "Fernandez-Val", role = c("aut", "cre"), email = "ivanf@bu.edu"), person(given = "Alfred", family = "Galichon", role = "aut")) as necessary. Flavors: r-devel-linux-x86_64-debian-clang, r-devel-linux-x86_64-debian-gcc