Last updated on 2025-04-30 04:50:16 CEST.
Flavor | Version | Tinstall | Tcheck | Ttotal | Status | Flags |
---|---|---|---|---|---|---|
r-devel-linux-x86_64-debian-clang | 1.0 | 13.74 | 22.68 | 36.42 | NOTE | |
r-devel-linux-x86_64-debian-gcc | 1.0 | 11.62 | 18.45 | 30.07 | NOTE | |
r-devel-linux-x86_64-fedora-clang | 1.0 | 61.26 | OK | |||
r-devel-linux-x86_64-fedora-gcc | 1.0 | 63.69 | OK | |||
r-devel-windows-x86_64 | 1.0 | 19.00 | 72.00 | 91.00 | OK | |
r-patched-linux-x86_64 | 1.0 | 15.52 | 21.87 | 37.39 | OK | |
r-release-linux-x86_64 | 1.0 | 16.17 | 21.77 | 37.94 | OK | |
r-release-macos-arm64 | 1.0 | 21.00 | OK | |||
r-release-macos-x86_64 | 1.0 | 33.00 | OK | |||
r-release-windows-x86_64 | 1.0 | 18.00 | 78.00 | 96.00 | OK | |
r-oldrel-macos-arm64 | 1.0 | 21.00 | OK | |||
r-oldrel-macos-x86_64 | 1.0 | 30.00 | OK | |||
r-oldrel-windows-x86_64 | 1.0 | 20.00 | 95.00 | 115.00 | OK |
Version: 1.0
Check: CRAN incoming feasibility
Result: NOTE
Maintainer: ‘Louis Raimbault <Louis.Raimbault@icloud.com>’
No Authors@R field in DESCRIPTION.
Please add one, modifying
Authors@R: c(person(given = "Louis",
family = "Raimbault",
role = c("aut", "cre"),
email = "louis.raimbault@icloud.com"),
person(family = "A.Mokkadem",
role = "aut"),
person(family = "M.Pelletier",
role = "aut"))
as necessary.
The Description field contains
Raimbault (2020) <arXiv:2011.14195>.
Please refer to arXiv e-prints via their arXiv DOI <doi:10.48550/arXiv.YYMM.NNNNN>.
The BugReports field in DESCRIPTION has
https://github.com/LouisRaimbault/RecAssoRules-R
which should likely be
https://github.com/LouisRaimbault/RecAssoRules-R/issues
instead.
Flavors: r-devel-linux-x86_64-debian-clang, r-devel-linux-x86_64-debian-gcc