CRAN Package Check Results for Package Recocrop

Last updated on 2025-04-30 04:50:16 CEST.

Flavor Version Tinstall Tcheck Ttotal Status Flags
r-devel-linux-x86_64-debian-clang 0.4-1 38.73 188.47 227.20 NOTE
r-devel-linux-x86_64-debian-gcc 0.4-1 25.55 114.34 139.89 NOTE
r-devel-linux-x86_64-fedora-clang 0.4-1 362.00 NOTE
r-devel-linux-x86_64-fedora-gcc 0.4-1 348.75 NOTE
r-devel-windows-x86_64 0.4-1 39.00 172.00 211.00 NOTE
r-patched-linux-x86_64 0.4-1 40.01 177.71 217.72 NOTE
r-release-linux-x86_64 0.4-1 34.46 175.49 209.95 NOTE
r-release-macos-arm64 0.4-1 64.00 NOTE
r-release-macos-x86_64 0.4-1 138.00 NOTE
r-release-windows-x86_64 0.4-1 39.00 170.00 209.00 NOTE
r-oldrel-macos-arm64 0.4-1 65.00 NOTE
r-oldrel-macos-x86_64 0.4-1 117.00 NOTE
r-oldrel-windows-x86_64 0.4-1 48.00 214.00 262.00 WARN

Check Details

Version: 0.4-1
Check: C++ specification
Result: NOTE Specified C++11: please drop specification unless essential Flavors: r-devel-linux-x86_64-debian-clang, r-devel-linux-x86_64-debian-gcc, r-devel-linux-x86_64-fedora-clang, r-devel-linux-x86_64-fedora-gcc, r-devel-windows-x86_64, r-patched-linux-x86_64, r-release-linux-x86_64, r-release-macos-arm64, r-release-macos-x86_64, r-release-windows-x86_64, r-oldrel-macos-arm64, r-oldrel-macos-x86_64, r-oldrel-windows-x86_64

Version: 0.4-1
Check: Rd cross-references
Result: NOTE Found the following Rd file(s) with Rd \link{} targets missing package anchors: parameters.Rd: crop spatial.Rd: writeRaster Please provide package anchors for all Rd \link{} targets not in the package itself and the base packages. Flavors: r-devel-linux-x86_64-debian-clang, r-devel-linux-x86_64-debian-gcc, r-devel-windows-x86_64, r-patched-linux-x86_64, r-release-linux-x86_64, r-release-windows-x86_64

Version: 0.4-1
Check: whether the package can be unloaded cleanly
Result: WARN
Flavor: r-oldrel-windows-x86_64