Last updated on 2025-04-30 04:50:16 CEST.
Flavor | Version | Tinstall | Tcheck | Ttotal | Status | Flags |
---|---|---|---|---|---|---|
r-devel-linux-x86_64-debian-clang | 1.0.2 | 16.84 | 39.31 | 56.15 | NOTE | |
r-devel-linux-x86_64-debian-gcc | 1.0.2 | 12.31 | 29.88 | 42.19 | NOTE | |
r-devel-linux-x86_64-fedora-clang | 1.0.2 | 93.53 | OK | |||
r-devel-linux-x86_64-fedora-gcc | 1.0.2 | 93.27 | OK | |||
r-devel-windows-x86_64 | 1.0.2 | 22.00 | 90.00 | 112.00 | OK | |
r-patched-linux-x86_64 | 1.0.2 | 17.86 | 37.65 | 55.51 | OK | |
r-release-linux-x86_64 | 1.0.2 | 17.27 | 37.91 | 55.18 | OK | |
r-release-macos-arm64 | 1.0.2 | 28.00 | OK | |||
r-release-macos-x86_64 | 1.0.2 | 49.00 | OK | |||
r-release-windows-x86_64 | 1.0.2 | 21.00 | 99.00 | 120.00 | OK | |
r-oldrel-macos-arm64 | 1.0.2 | 30.00 | OK | |||
r-oldrel-macos-x86_64 | 1.0.2 | 41.00 | OK | |||
r-oldrel-windows-x86_64 | 1.0.2 | 18.00 | 92.00 | 110.00 | OK |
Version: 1.0.2
Check: examples
Result: NOTE
Examples with CPU (user + system) or elapsed time > 5s
user system elapsed
RespirAnalyzer-package 5.716 0.133 7.415
Flavor: r-devel-linux-x86_64-debian-clang
Version: 1.0.2
Check: examples
Result: NOTE
Examples with CPU (user + system) or elapsed time > 5s
user system elapsed
RespirAnalyzer-package 4.397 0.165 5.818
Flavor: r-devel-linux-x86_64-debian-gcc