Last updated on 2025-04-30 04:50:16 CEST.
Flavor | Version | Tinstall | Tcheck | Ttotal | Status | Flags |
---|---|---|---|---|---|---|
r-devel-linux-x86_64-debian-clang | 0.6.15 | 4.29 | 30.84 | 35.13 | NOTE | |
r-devel-linux-x86_64-debian-gcc | 0.6.15 | 3.21 | 23.36 | 26.57 | NOTE | |
r-devel-linux-x86_64-fedora-clang | 0.6.15 | 60.06 | OK | |||
r-devel-linux-x86_64-fedora-gcc | 0.6.15 | 51.61 | OK | |||
r-devel-windows-x86_64 | 0.6.15 | 6.00 | 55.00 | 61.00 | OK | |
r-patched-linux-x86_64 | 0.6.15 | 4.59 | 29.43 | 34.02 | OK | |
r-release-linux-x86_64 | 0.6.15 | 4.13 | 29.86 | 33.99 | OK | |
r-release-macos-arm64 | 0.6.15 | 23.00 | OK | |||
r-release-macos-x86_64 | 0.6.15 | 32.00 | OK | |||
r-release-windows-x86_64 | 0.6.15 | 6.00 | 55.00 | 61.00 | OK | |
r-oldrel-macos-arm64 | 0.6.15 | 23.00 | OK | |||
r-oldrel-macos-x86_64 | 0.6.15 | 31.00 | OK | |||
r-oldrel-windows-x86_64 | 0.6.15 | 6.00 | 63.00 | 69.00 | OK |
Version: 0.6.15
Check: CRAN incoming feasibility
Result: NOTE
Maintainer: ‘Pablo Barbera <pbarbera@usc.edu>’
No Authors@R field in DESCRIPTION.
Please add one, modifying
Authors@R: c(person(given = "Pablo",
family = "Barbera",
role = c("aut", "cre"),
email = "pbarbera@usc.edu"),
person(given = "Michael",
family = "Piccirilli",
role = "aut",
email = "mrp2181@columbia.edu"),
person(given = "Andrew",
family = "Geisler",
role = "aut"),
person(given = "Wouter",
family = "van Atteveldt",
role = "aut"))
as necessary.
Flavors: r-devel-linux-x86_64-debian-clang, r-devel-linux-x86_64-debian-gcc