CRAN Package Check Results for Package Rfast

Last updated on 2025-04-30 04:50:16 CEST.

Flavor Version Tinstall Tcheck Ttotal Status Flags
r-devel-linux-x86_64-debian-clang 2.1.5.1 901.20 106.48 1007.68 NOTE
r-devel-linux-x86_64-debian-gcc 2.1.5.1 678.73 68.25 746.98 NOTE
r-devel-linux-x86_64-fedora-clang 2.1.5.1 1986.98 NOTE
r-devel-linux-x86_64-fedora-gcc 2.1.5.1 2067.59 NOTE
r-devel-windows-x86_64 2.1.5.1 1136.00 233.00 1369.00 NOTE
r-patched-linux-x86_64 2.1.5.1 978.10 97.95 1076.05 NOTE
r-release-linux-x86_64 2.1.5.1 964.79 99.72 1064.51 NOTE
r-release-macos-arm64 2.1.5.1 348.00 NOTE
r-release-macos-x86_64 2.1.5.1 314.00 NOTE
r-release-windows-x86_64 2.1.5.1 1135.00 231.00 1366.00 NOTE
r-oldrel-macos-arm64 2.1.5.1 320.00 NOTE
r-oldrel-macos-x86_64 2.1.5.1 387.00 NOTE
r-oldrel-windows-x86_64 2.1.5.1 1244.00 275.00 1519.00 NOTE

Check Details

Version: 2.1.5.1
Check: compiled code
Result: NOTE File ‘Rfast/libs/Rfast.so’: Found non-API call to R: ‘R_lsInternal’ Compiled code should not call non-API entry points in R. See ‘Writing portable packages’ in the ‘Writing R Extensions’ manual, and section ‘Moving into C API compliance’ for issues with the use of non-API entry points. Flavors: r-devel-linux-x86_64-debian-clang, r-devel-linux-x86_64-debian-gcc, r-devel-linux-x86_64-fedora-clang, r-devel-linux-x86_64-fedora-gcc, r-patched-linux-x86_64, r-release-linux-x86_64, r-release-macos-arm64, r-release-macos-x86_64

Version: 2.1.5.1
Check: compiled code
Result: NOTE File 'Rfast/libs/x64/Rfast.dll': Found non-API call to R: 'R_lsInternal' Compiled code should not call non-API entry points in R. See 'Writing portable packages' in the 'Writing R Extensions' manual, and section 'Moving into C API compliance' for issues with the use of non-API entry points. Flavors: r-devel-windows-x86_64, r-release-windows-x86_64

Version: 2.1.5.1
Check: installed package size
Result: NOTE installed size is 47.3Mb sub-directories of 1Mb or more: libs 45.9Mb Flavors: r-oldrel-macos-arm64, r-oldrel-macos-x86_64, r-oldrel-windows-x86_64