CRAN Package Check Results for Package Rfmtool

Last updated on 2025-04-30 04:50:17 CEST.

Flavor Version Tinstall Tcheck Ttotal Status Flags
r-devel-linux-x86_64-debian-clang 5.0.4 59.61 46.75 106.36 OK
r-devel-linux-x86_64-debian-gcc 5.0.4 46.03 33.68 79.71 OK
r-devel-linux-x86_64-fedora-clang 5.0.4 175.29 OK
r-devel-linux-x86_64-fedora-gcc 5.0.4 183.11 OK
r-devel-windows-x86_64 5.0.4 122.00 149.00 271.00 OK
r-patched-linux-x86_64 5.0.4 67.16 44.28 111.44 OK
r-release-linux-x86_64 5.0.4 63.24 43.40 106.64 OK
r-release-macos-arm64 5.0.4 47.00 OK
r-release-macos-x86_64 5.0.4 68.00 OK
r-release-windows-x86_64 5.0.4 121.00 145.00 266.00 OK
r-oldrel-macos-arm64 5.0.4 54.00 NOTE
r-oldrel-macos-x86_64 5.0.4 89.00 NOTE
r-oldrel-windows-x86_64 5.0.4 135.00 168.00 303.00 OK

Check Details

Version: 5.0.4
Check: installed package size
Result: NOTE installed size is 6.9Mb sub-directories of 1Mb or more: libs 6.0Mb Flavors: r-oldrel-macos-arm64, r-oldrel-macos-x86_64