Last updated on 2025-04-30 04:50:17 CEST.
Flavor | Version | Tinstall | Tcheck | Ttotal | Status | Flags |
---|---|---|---|---|---|---|
r-devel-linux-x86_64-debian-clang | 0.11.1.0 | 95.15 | 142.97 | 238.12 | OK | |
r-devel-linux-x86_64-debian-gcc | 0.11.1.0 | 67.50 | 94.80 | 162.30 | OK | |
r-devel-linux-x86_64-fedora-clang | 0.11.1.0 | 407.06 | OK | |||
r-devel-linux-x86_64-fedora-gcc | 0.11.1.0 | 396.67 | OK | |||
r-devel-windows-x86_64 | 0.11.1.0 | 106.00 | 155.00 | 261.00 | OK | |
r-patched-linux-x86_64 | 0.11.1.0 | 95.80 | 134.94 | 230.74 | OK | |
r-release-linux-x86_64 | 0.11.1.0 | 97.48 | 134.09 | 231.57 | OK | |
r-release-macos-arm64 | 0.11.1.0 | 102.00 | OK | |||
r-release-macos-x86_64 | 0.11.1.0 | 149.00 | OK | |||
r-release-windows-x86_64 | 0.11.1.0 | 108.00 | 163.00 | 271.00 | OK | |
r-oldrel-macos-arm64 | 0.11.1.0 | 93.00 | NOTE | |||
r-oldrel-macos-x86_64 | 0.11.1.0 | 173.00 | NOTE | |||
r-oldrel-windows-x86_64 | 0.11.1.0 | 118.00 | 216.00 | 334.00 | OK |
Version: 0.11.1.0
Check: installed package size
Result: NOTE
installed size is 7.5Mb
sub-directories of 1Mb or more:
libs 7.3Mb
Flavors: r-oldrel-macos-arm64, r-oldrel-macos-x86_64