Last updated on 2025-04-30 04:50:17 CEST.
Flavor | Version | Tinstall | Tcheck | Ttotal | Status | Flags |
---|---|---|---|---|---|---|
r-devel-linux-x86_64-debian-clang | 3.1.0 | 87.51 | 187.53 | 275.04 | NOTE | |
r-devel-linux-x86_64-debian-gcc | 3.1.0 | 60.67 | 130.49 | 191.16 | NOTE | |
r-devel-linux-x86_64-fedora-clang | 3.1.0 | 491.93 | OK | |||
r-devel-linux-x86_64-fedora-gcc | 3.1.0 | 420.88 | OK | |||
r-devel-windows-x86_64 | 3.1.0 | 95.00 | 207.00 | 302.00 | NOTE | |
r-patched-linux-x86_64 | 3.1.0 | 78.92 | 175.83 | 254.75 | NOTE | |
r-release-linux-x86_64 | 3.1.0 | 77.28 | 176.59 | 253.87 | NOTE | |
r-release-macos-arm64 | 3.1.0 | 106.00 | OK | |||
r-release-macos-x86_64 | 3.1.0 | 197.00 | OK | |||
r-release-windows-x86_64 | 3.1.0 | 96.00 | 218.00 | 314.00 | NOTE | |
r-oldrel-macos-arm64 | 3.1.0 | 113.00 | NOTE | |||
r-oldrel-macos-x86_64 | 3.1.0 | 166.00 | NOTE | |||
r-oldrel-windows-x86_64 | 3.1.0 | 112.00 | 279.00 | 391.00 | OK |
Version: 3.1.0
Check: Rd cross-references
Result: NOTE
Found the following Rd file(s) with Rd \link{} targets missing package
anchors:
as.funts.Rd: fd, fts, create.bspline.basis
Please provide package anchors for all Rd \link{} targets not in the
package itself and the base packages.
Flavors: r-devel-linux-x86_64-debian-clang, r-devel-linux-x86_64-debian-gcc, r-devel-windows-x86_64, r-patched-linux-x86_64, r-release-linux-x86_64, r-release-windows-x86_64
Version: 3.1.0
Check: examples
Result: NOTE
Examples with CPU (user + system) or elapsed time > 5s
user system elapsed
fssa 4.39 0.146 5.127
Flavor: r-devel-linux-x86_64-debian-clang
Version: 3.1.0
Check: examples
Result: NOTE
Examples with CPU (user + system) or elapsed time > 5s
user system elapsed
loadCallcenterData 0.185 0.007 8.363
loadJambiData 0.070 0.012 8.602
Flavor: r-devel-linux-x86_64-debian-gcc
Version: 3.1.0
Check: installed package size
Result: NOTE
installed size is 7.6Mb
sub-directories of 1Mb or more:
libs 6.8Mb
Flavors: r-oldrel-macos-arm64, r-oldrel-macos-x86_64