CRAN Package Check Results for Package Rgbp

Last updated on 2025-04-30 04:50:17 CEST.

Flavor Version Tinstall Tcheck Ttotal Status Flags
r-devel-linux-x86_64-debian-clang 1.1.4 5.26 45.41 50.67 NOTE
r-devel-linux-x86_64-debian-gcc 1.1.4 4.20 31.70 35.90 NOTE
r-devel-linux-x86_64-fedora-clang 1.1.4 80.57 OK
r-devel-linux-x86_64-fedora-gcc 1.1.4 75.96 OK
r-devel-windows-x86_64 1.1.4 7.00 72.00 79.00 OK
r-patched-linux-x86_64 1.1.4 6.44 42.76 49.20 OK
r-release-linux-x86_64 1.1.4 5.06 42.13 47.19 OK
r-release-macos-arm64 1.1.4 30.00 OK
r-release-macos-x86_64 1.1.4 57.00 OK
r-release-windows-x86_64 1.1.4 8.00 64.00 72.00 OK
r-oldrel-macos-arm64 1.1.4 24.00 OK
r-oldrel-macos-x86_64 1.1.4 38.00 OK
r-oldrel-windows-x86_64 1.1.4 9.00 71.00 80.00 OK

Check Details

Version: 1.1.4
Check: CRAN incoming feasibility
Result: NOTE Maintainer: ‘Joseph Kelly <josephkelly@post.harvard.edu>’ No Authors@R field in DESCRIPTION. Please add one, modifying Authors@R: c(person(given = "Joseph", family = "Kelly", role = c("aut", "cre"), email = "josephkelly@post.harvard.edu"), person(given = "Hyungsuk", family = "Tak", role = "aut"), person(given = "Carl", family = "Morris", role = "aut")) as necessary. Flavors: r-devel-linux-x86_64-debian-clang, r-devel-linux-x86_64-debian-gcc