CRAN Package Check Results for Package RiskPortfolios

Last updated on 2025-04-30 04:50:17 CEST.

Flavor Version Tinstall Tcheck Ttotal Status Flags
r-devel-linux-x86_64-debian-clang 2.1.7 2.72 35.68 38.40 NOTE
r-devel-linux-x86_64-debian-gcc 2.1.7 1.88 25.33 27.21 NOTE
r-devel-linux-x86_64-fedora-clang 2.1.7 62.76 NOTE
r-devel-linux-x86_64-fedora-gcc 2.1.7 59.13 NOTE
r-devel-windows-x86_64 2.1.7 4.00 52.00 56.00 OK
r-patched-linux-x86_64 2.1.7 2.68 33.39 36.07 OK
r-release-linux-x86_64 2.1.7 2.36 33.93 36.29 OK
r-release-macos-arm64 2.1.7 20.00 OK
r-release-macos-x86_64 2.1.7 39.00 OK
r-release-windows-x86_64 2.1.7 5.00 55.00 60.00 OK
r-oldrel-macos-arm64 2.1.7 21.00 OK
r-oldrel-macos-x86_64 2.1.7 34.00 OK
r-oldrel-windows-x86_64 2.1.7 5.00 64.00 69.00 OK

Check Details

Version: 2.1.7
Check: CRAN incoming feasibility
Result: NOTE Maintainer: ‘David Ardia <david.ardia.ch@gmail.com>’ Package CITATION file contains call(s) to old-style personList() or as.personList(). Please use c() on person objects instead. Package CITATION file contains call(s) to old-style citEntry(). Please use bibentry() instead. Flavors: r-devel-linux-x86_64-debian-clang, r-devel-linux-x86_64-debian-gcc

Version: 2.1.7
Check: dependencies in R code
Result: NOTE Namespace in Imports field not imported from: ‘MASS’ All declared Imports should be used. Flavors: r-devel-linux-x86_64-fedora-clang, r-devel-linux-x86_64-fedora-gcc