Last updated on 2025-04-30 04:50:17 CEST.
Flavor | Version | Tinstall | Tcheck | Ttotal | Status | Flags |
---|---|---|---|---|---|---|
r-devel-linux-x86_64-debian-clang | 1.2.0 | 2.64 | 29.09 | 31.73 | NOTE | |
r-devel-linux-x86_64-debian-gcc | 1.2.0 | 1.99 | 20.66 | 22.65 | OK | |
r-devel-linux-x86_64-fedora-clang | 1.2.0 | 50.59 | NOTE | |||
r-devel-linux-x86_64-fedora-gcc | 1.2.0 | 48.81 | NOTE | |||
r-devel-windows-x86_64 | 1.2.0 | 3.00 | 53.00 | 56.00 | OK | |
r-patched-linux-x86_64 | 1.2.0 | 3.11 | 27.95 | 31.06 | OK | |
r-release-linux-x86_64 | 1.2.0 | 2.63 | 27.74 | 30.37 | OK | |
r-release-macos-arm64 | 1.2.0 | 19.00 | OK | |||
r-release-macos-x86_64 | 1.2.0 | 33.00 | OK | |||
r-release-windows-x86_64 | 1.2.0 | 5.00 | 52.00 | 57.00 | OK | |
r-oldrel-macos-arm64 | 1.2.0 | 17.00 | OK | |||
r-oldrel-macos-x86_64 | 1.2.0 | 28.00 | OK | |||
r-oldrel-windows-x86_64 | 1.2.0 | 5.00 | 55.00 | 60.00 | OK |
Version: 1.2.0
Check: examples
Result: NOTE
Examples with CPU (user + system) or elapsed time > 5s
user system elapsed
JBTest 6.973 0.019 8.39
Flavor: r-devel-linux-x86_64-debian-clang
Version: 1.2.0
Check: dependencies in R code
Result: NOTE
Namespace in Imports field not imported from: ‘base’
All declared Imports should be used.
Flavors: r-devel-linux-x86_64-fedora-clang, r-devel-linux-x86_64-fedora-gcc