Last updated on 2025-04-30 04:50:17 CEST.
Flavor | Version | Tinstall | Tcheck | Ttotal | Status | Flags |
---|---|---|---|---|---|---|
r-devel-linux-x86_64-debian-clang | 1.0 | 23.25 | 61.72 | 84.97 | NOTE | |
r-devel-linux-x86_64-debian-gcc | 1.0 | 15.63 | 44.15 | 59.78 | OK | |
r-devel-linux-x86_64-fedora-clang | 1.0 | 144.05 | OK | |||
r-devel-linux-x86_64-fedora-gcc | 1.0 | 131.58 | OK | |||
r-devel-windows-x86_64 | 1.0 | 27.00 | 100.00 | 127.00 | OK | |
r-patched-linux-x86_64 | 1.0 | 21.98 | 57.88 | 79.86 | OK | |
r-release-linux-x86_64 | 1.0 | 22.76 | 58.26 | 81.02 | OK | |
r-release-macos-arm64 | 1.0 | 37.00 | OK | |||
r-release-macos-x86_64 | 1.0 | 95.00 | OK | |||
r-release-windows-x86_64 | 1.0 | 27.00 | 100.00 | 127.00 | OK | |
r-oldrel-macos-arm64 | 1.0 | 41.00 | OK | |||
r-oldrel-macos-x86_64 | 1.0 | 65.00 | OK | |||
r-oldrel-windows-x86_64 | 1.0 | 31.00 | 118.00 | 149.00 | OK |
Version: 1.0
Check: examples
Result: NOTE
Examples with CPU (user + system) or elapsed time > 5s
user system elapsed
update_R 6.493 0.202 7.908
Flavor: r-devel-linux-x86_64-debian-clang