Last updated on 2025-02-21 03:52:24 CET.
Flavor | Version | Tinstall | Tcheck | Ttotal | Status | Flags |
---|---|---|---|---|---|---|
r-devel-linux-x86_64-debian-clang | 1.1.0 | 14.12 | 128.69 | 142.81 | NOTE | |
r-devel-linux-x86_64-debian-gcc | 1.1.0 | 9.77 | 85.97 | 95.74 | NOTE | |
r-devel-linux-x86_64-fedora-clang | 1.1.0 | 222.57 | OK | |||
r-devel-linux-x86_64-fedora-gcc | 1.1.0 | 225.22 | OK | |||
r-devel-macos-arm64 | 1.1.0 | 74.00 | OK | |||
r-devel-macos-x86_64 | 1.1.0 | 125.00 | OK | |||
r-devel-windows-x86_64 | 1.1.0 | 14.00 | 126.00 | 140.00 | NOTE | |
r-patched-linux-x86_64 | 1.1.0 | 21.43 | 114.12 | 135.55 | OK | |
r-release-linux-x86_64 | 1.1.0 | 12.85 | 114.11 | 126.96 | OK | |
r-release-macos-arm64 | 1.1.0 | 71.00 | OK | |||
r-release-macos-x86_64 | 1.1.0 | 100.00 | OK | |||
r-release-windows-x86_64 | 1.1.0 | 15.00 | 129.00 | 144.00 | OK | |
r-oldrel-macos-arm64 | 1.1.0 | 75.00 | OK | |||
r-oldrel-macos-x86_64 | 1.1.0 | 150.00 | OK | |||
r-oldrel-windows-x86_64 | 1.1.0 | 18.00 | 163.00 | 181.00 | OK |
Version: 1.1.0
Check: Rd cross-references
Result: NOTE
Found the following Rd file(s) with Rd \link{} targets missing package
anchors:
harmonized_dossier_summarize.Rd: valueType_list
harmonized_dossier_visualize.Rd: valueType_list
Please provide package anchors for all Rd \link{} targets not in the
package itself and the base packages.
Flavors: r-devel-linux-x86_64-debian-clang, r-devel-linux-x86_64-debian-gcc, r-devel-windows-x86_64