CRAN Package Check Results for Package Rmosek

Last updated on 2025-04-30 04:50:17 CEST.

Flavor Version Tinstall Tcheck Ttotal Status Flags
r-devel-linux-x86_64-debian-clang 1.3.5 1.65 18.68 20.33 NOTE
r-devel-linux-x86_64-debian-gcc 1.3.5 1.36 14.77 16.13 NOTE
r-devel-linux-x86_64-fedora-clang 1.3.5 31.88 OK
r-devel-linux-x86_64-fedora-gcc 1.3.5 30.52 OK
r-devel-windows-x86_64 1.3.5 3.00 47.00 50.00 OK
r-patched-linux-x86_64 1.3.5 1.90 17.84 19.74 NOTE
r-release-linux-x86_64 1.3.5 1.64 17.85 19.49 NOTE
r-release-macos-arm64 1.3.5 14.00 OK
r-release-macos-x86_64 1.3.5 31.00 OK
r-release-windows-x86_64 1.3.5 2.00 47.00 49.00 OK
r-oldrel-macos-arm64 1.3.5 18.00 OK
r-oldrel-macos-x86_64 1.3.5 30.00 OK
r-oldrel-windows-x86_64 1.3.5 4.00 49.00 53.00 OK

Check Details

Version: 1.3.5
Check: CRAN incoming feasibility
Result: NOTE Maintainer: ‘Henrik A. Friberg <haf@mosek.com>’ No Authors@R field in DESCRIPTION. Please add one, modifying Authors@R: c(person(given = "MOSEK", family = "ApS", role = "aut"), person(given = c("Henrik", "A."), family = "Friberg", role = "cre", email = "haf@mosek.com")) as necessary. Flavors: r-devel-linux-x86_64-debian-clang, r-devel-linux-x86_64-debian-gcc

Version: 1.3.5
Check: R code for possible problems
Result: NOTE Found the following calls to attach(): File ‘Rmosek/R/builder.R’: attach(builderenv, pos, name, warn.conflicts) See section ‘Good practice’ in ‘?attach’. Flavors: r-devel-linux-x86_64-debian-clang, r-devel-linux-x86_64-debian-gcc, r-patched-linux-x86_64, r-release-linux-x86_64