Last updated on 2025-04-30 04:50:17 CEST.
Flavor | Version | Tinstall | Tcheck | Ttotal | Status | Flags |
---|---|---|---|---|---|---|
r-devel-linux-x86_64-debian-clang | 1.0-0 | 22.07 | 197.05 | 219.12 | NOTE | |
r-devel-linux-x86_64-debian-gcc | 1.0-0 | 15.37 | 136.34 | 151.71 | NOTE | |
r-devel-linux-x86_64-fedora-clang | 1.0-0 | 341.68 | OK | |||
r-devel-linux-x86_64-fedora-gcc | 1.0-0 | 342.90 | OK | |||
r-devel-windows-x86_64 | 1.0-0 | 21.00 | 263.00 | 284.00 | OK | |
r-patched-linux-x86_64 | 1.0-0 | 23.58 | 186.43 | 210.01 | OK | |
r-release-linux-x86_64 | 1.0-0 | 20.75 | 185.51 | 206.26 | OK | |
r-release-macos-arm64 | 1.0-0 | 114.00 | OK | |||
r-release-macos-x86_64 | 1.0-0 | 259.00 | OK | |||
r-release-windows-x86_64 | 1.0-0 | 20.00 | 249.00 | 269.00 | OK | |
r-oldrel-macos-arm64 | 1.0-0 | 124.00 | OK | |||
r-oldrel-macos-x86_64 | 1.0-0 | 288.00 | OK | |||
r-oldrel-windows-x86_64 | 1.0-0 | 29.00 | 293.00 | 322.00 | OK |
Version: 1.0-0
Check: examples
Result: NOTE
Examples with CPU (user + system) or elapsed time > 5s
user system elapsed
qnormI 8.156 0.004 9.576
Flavor: r-devel-linux-x86_64-debian-clang
Version: 1.0-0
Check: examples
Result: NOTE
Examples with CPU (user + system) or elapsed time > 5s
user system elapsed
qnormI 4.471 0.003 5.65
Flavor: r-devel-linux-x86_64-debian-gcc