Last updated on 2025-02-22 05:51:49 CET.
Flavor | Version | Tinstall | Tcheck | Ttotal | Status | Flags |
---|---|---|---|---|---|---|
r-devel-linux-x86_64-debian-clang | 0.7-3.3 | 6.56 | 37.10 | 43.66 | OK | |
r-devel-linux-x86_64-debian-gcc | 0.7-3.3 | 5.93 | 30.12 | 36.05 | OK | |
r-devel-linux-x86_64-fedora-clang | 0.7-3.3 | 74.29 | OK | |||
r-devel-linux-x86_64-fedora-gcc | 0.7-3.3 | 72.85 | OK | |||
r-devel-macos-x86_64 | 0.7-3.3 | 42.00 | ERROR | |||
r-devel-windows-x86_64 | 0.7-3.3 | 84.00 | 58.00 | 142.00 | OK | |
r-patched-linux-x86_64 | 0.7-3.3 | 7.85 | 33.52 | 41.37 | OK | |
r-release-linux-x86_64 | 0.7-3.3 | 5.74 | 33.85 | 39.59 | OK | |
r-release-macos-x86_64 | 0.7-3.3 | 50.00 | ERROR | |||
r-release-windows-x86_64 | 0.7-3.3 | 86.00 | 67.00 | 153.00 | OK | |
r-oldrel-macos-x86_64 | 0.7-3.3 | 43.00 | ERROR | |||
r-oldrel-windows-x86_64 | 0.7-3.3 | 63.00 | 67.00 | 130.00 | OK |
Version: 0.7-3.3
Check: whether package can be installed
Result: ERROR
Installation failed.
Flavors: r-devel-macos-x86_64, r-release-macos-x86_64, r-oldrel-macos-x86_64