Last updated on 2025-04-30 04:50:17 CEST.
Flavor | Version | Tinstall | Tcheck | Ttotal | Status | Flags |
---|---|---|---|---|---|---|
r-devel-linux-x86_64-debian-clang | 0.0.3 | 51.50 | 22.65 | 74.15 | OK | |
r-devel-linux-x86_64-debian-gcc | 0.0.3 | 46.39 | 17.95 | 64.34 | OK | |
r-devel-linux-x86_64-fedora-clang | 0.0.3 | 112.02 | OK | |||
r-devel-linux-x86_64-fedora-gcc | 0.0.3 | 163.53 | OK | |||
r-devel-windows-x86_64 | 0.0.3 | 63.00 | 78.00 | 141.00 | OK | |
r-patched-linux-x86_64 | 0.0.3 | 65.68 | 21.82 | 87.50 | OK | |
r-release-linux-x86_64 | 0.0.3 | 67.72 | 21.60 | 89.32 | OK | |
r-release-macos-arm64 | 0.0.3 | 37.00 | OK | |||
r-release-macos-x86_64 | 0.0.3 | 77.00 | OK | |||
r-release-windows-x86_64 | 0.0.3 | 65.00 | 83.00 | 148.00 | OK | |
r-oldrel-macos-arm64 | 0.0.3 | 34.00 | NOTE | |||
r-oldrel-macos-x86_64 | 0.0.3 | 55.00 | NOTE | |||
r-oldrel-windows-x86_64 | 0.0.3 | 74.00 | 92.00 | 166.00 | OK |
Version: 0.0.3
Check: installed package size
Result: NOTE
installed size is 19.7Mb
sub-directories of 1Mb or more:
libs 19.5Mb
Flavors: r-oldrel-macos-arm64, r-oldrel-macos-x86_64