Last updated on 2025-04-30 04:50:17 CEST.
Flavor | Version | Tinstall | Tcheck | Ttotal | Status | Flags |
---|---|---|---|---|---|---|
r-devel-linux-x86_64-debian-clang | 1.3.2 | 27.64 | 173.66 | 201.30 | OK | |
r-devel-linux-x86_64-debian-gcc | 1.3.2 | 22.59 | 122.81 | 145.40 | OK | |
r-devel-linux-x86_64-fedora-clang | 1.3.2 | 316.58 | NOTE | |||
r-devel-linux-x86_64-fedora-gcc | 1.3.2 | 300.51 | NOTE | |||
r-devel-windows-x86_64 | 1.3.2 | 35.00 | 189.00 | 224.00 | OK | |
r-patched-linux-x86_64 | 1.3.2 | 28.74 | 166.24 | 194.98 | OK | |
r-release-linux-x86_64 | 1.3.2 | 28.51 | 166.06 | 194.57 | OK | |
r-release-macos-arm64 | 1.3.2 | 91.00 | OK | |||
r-release-macos-x86_64 | 1.3.2 | 183.00 | OK | |||
r-release-windows-x86_64 | 1.3.2 | 34.00 | 203.00 | 237.00 | OK | |
r-oldrel-macos-arm64 | 1.3.2 | 95.00 | OK | |||
r-oldrel-macos-x86_64 | 1.3.2 | 227.00 | OK | |||
r-oldrel-windows-x86_64 | 1.3.2 | 42.00 | 244.00 | 286.00 | OK |
Version: 1.3.2
Check: dependencies in R code
Result: NOTE
Namespace in Imports field not imported from: ‘impute’
All declared Imports should be used.
Flavors: r-devel-linux-x86_64-fedora-clang, r-devel-linux-x86_64-fedora-gcc