Last updated on 2025-04-30 04:50:17 CEST.
Flavor | Version | Tinstall | Tcheck | Ttotal | Status | Flags |
---|---|---|---|---|---|---|
r-devel-linux-x86_64-debian-clang | 3.4.0 | 44.99 | 135.11 | 180.10 | OK | |
r-devel-linux-x86_64-debian-gcc | 3.4.0 | 28.02 | 92.48 | 120.50 | OK | |
r-devel-linux-x86_64-fedora-clang | 3.4.0 | 356.62 | OK | |||
r-devel-linux-x86_64-fedora-gcc | 3.4.0 | 349.07 | OK | |||
r-devel-windows-x86_64 | 3.4.0 | 67.00 | 218.00 | 285.00 | OK | |
r-patched-linux-x86_64 | 3.4.0 | 40.38 | 128.02 | 168.40 | OK | |
r-release-linux-x86_64 | 3.4.0 | 38.69 | 126.49 | 165.18 | OK | |
r-release-macos-arm64 | 3.4.0 | 167.00 | OK | |||
r-release-macos-x86_64 | 3.4.0 | 327.00 | OK | |||
r-release-windows-x86_64 | 3.4.0 | 70.00 | 215.00 | 285.00 | OK | |
r-oldrel-macos-arm64 | 3.4.0 | 179.00 | NOTE | |||
r-oldrel-macos-x86_64 | 3.4.0 | 372.00 | NOTE | |||
r-oldrel-windows-x86_64 | 3.4.0 | 81.00 | 257.00 | 338.00 | OK |
Version: 3.4.0
Check: installed package size
Result: NOTE
installed size is 5.5Mb
sub-directories of 1Mb or more:
doc 2.6Mb
libs 1.7Mb
Flavors: r-oldrel-macos-arm64, r-oldrel-macos-x86_64