Last updated on 2025-04-30 04:50:17 CEST.
Flavor | Version | Tinstall | Tcheck | Ttotal | Status | Flags |
---|---|---|---|---|---|---|
r-devel-linux-x86_64-debian-clang | 1.3.1 | 532.44 | 92.05 | 624.49 | OK | |
r-devel-linux-x86_64-debian-gcc | 1.3.1 | 526.06 | 99.74 | 625.80 | OK | |
r-devel-linux-x86_64-fedora-clang | 1.3.1 | 949.08 | OK | |||
r-devel-linux-x86_64-fedora-gcc | 1.3.1 | 1405.70 | OK | |||
r-devel-windows-x86_64 | 1.3.1 | 614.00 | 176.00 | 790.00 | OK | |
r-patched-linux-x86_64 | 1.3.1 | 638.48 | 139.69 | 778.17 | OK | |
r-release-linux-x86_64 | 1.3.1 | 663.96 | 137.64 | 801.60 | OK | |
r-release-macos-arm64 | 1.3.1 | 292.00 | OK | |||
r-release-macos-x86_64 | 1.3.1 | 342.00 | OK | |||
r-release-windows-x86_64 | 1.3.1 | 601.00 | 174.00 | 775.00 | OK | |
r-oldrel-macos-arm64 | 1.3.1 | 151.00 | NOTE | |||
r-oldrel-macos-x86_64 | 1.3.1 | 126.00 | NOTE | |||
r-oldrel-windows-x86_64 | 1.3.1 | 668.00 | 210.00 | 878.00 | NOTE |
Version: 1.3.1
Check: installed package size
Result: NOTE
installed size is 95.9Mb
sub-directories of 1Mb or more:
libs 95.1Mb
Flavors: r-oldrel-macos-arm64, r-oldrel-macos-x86_64, r-oldrel-windows-x86_64
Version: 1.3.1
Check: for GNU extensions in Makefiles
Result: NOTE
GNU make is a SystemRequirements.
Flavors: r-oldrel-macos-arm64, r-oldrel-macos-x86_64