Last updated on 2025-11-02 03:51:53 CET.
| Flavor | Version | Tinstall | Tcheck | Ttotal | Status | Flags |
|---|---|---|---|---|---|---|
| r-devel-linux-x86_64-debian-clang | 1.2.0 | 19.20 | 27.02 | 46.22 | NOTE | |
| r-devel-linux-x86_64-debian-gcc | 1.2.0 | 12.93 | 21.97 | 34.90 | NOTE | |
| r-devel-linux-x86_64-fedora-clang | 1.2.0 | 42.00 | 37.95 | 79.95 | OK | |
| r-devel-linux-x86_64-fedora-gcc | 1.2.0 | 32.00 | 43.35 | 75.35 | OK | |
| r-devel-windows-x86_64 | 1.2.0 | 26.00 | 60.00 | 86.00 | OK | |
| r-patched-linux-x86_64 | 1.2.0 | 21.55 | 25.51 | 47.06 | OK | |
| r-release-linux-x86_64 | 1.2.0 | 19.99 | 25.55 | 45.54 | OK | |
| r-release-macos-arm64 | 1.2.0 | 9.00 | 21.00 | 30.00 | OK | |
| r-release-macos-x86_64 | 1.2.0 | 11.00 | 26.00 | 37.00 | OK | |
| r-release-windows-x86_64 | 1.2.0 | 26.00 | 58.00 | 84.00 | OK | |
| r-oldrel-macos-arm64 | 1.2.0 | 8.00 | 18.00 | 26.00 | OK | |
| r-oldrel-macos-x86_64 | 1.2.0 | 11.00 | 26.00 | 37.00 | OK | |
| r-oldrel-windows-x86_64 | 1.2.0 | 30.00 | 80.00 | 110.00 | OK |
Version: 1.2.0
Check: CRAN incoming feasibility
Result: NOTE
Maintainer: ‘Carlos Trucios <ctrucios@gmail.com>’
No Authors@R field in DESCRIPTION.
Please add one, modifying
Authors@R: person(given = "Carlos",
family = "Trucios",
role = c("aut", "cre"),
email = "ctrucios@gmail.com")
as necessary.
Flavors: r-devel-linux-x86_64-debian-clang, r-devel-linux-x86_64-debian-gcc