Last updated on 2025-04-29 04:50:16 CEST.
Flavor | Version | Tinstall | Tcheck | Ttotal | Status | Flags |
---|---|---|---|---|---|---|
r-devel-linux-x86_64-debian-clang | 1.1.0 | 11.06 | 75.70 | 86.76 | OK | |
r-devel-linux-x86_64-debian-gcc | 1.1.0 | 8.32 | 56.08 | 64.40 | NOTE | |
r-devel-linux-x86_64-fedora-clang | 1.1.0 | 135.14 | NOTE | |||
r-devel-linux-x86_64-fedora-gcc | 1.1.0 | 130.52 | NOTE | |||
r-devel-windows-x86_64 | 1.1.0 | 13.00 | 91.00 | 104.00 | OK | |
r-patched-linux-x86_64 | 1.1.0 | 10.26 | 76.73 | 86.99 | OK | |
r-release-linux-x86_64 | 1.1.0 | 10.59 | 76.70 | 87.29 | OK | |
r-release-macos-arm64 | 1.1.0 | 41.00 | OK | |||
r-release-macos-x86_64 | 1.1.0 | 73.00 | OK | |||
r-release-windows-x86_64 | 1.1.0 | 12.00 | 110.00 | 122.00 | OK | |
r-oldrel-macos-arm64 | 1.1.0 | 40.00 | OK | |||
r-oldrel-macos-x86_64 | 1.1.0 | 59.00 | OK | |||
r-oldrel-windows-x86_64 | 1.1.0 | 16.00 | 111.00 | 127.00 | OK |
Version: 1.1.0
Check: CRAN incoming feasibility
Result: NOTE
Maintainer: ‘Wennan Chang <wnchang@iu.edu>’
The Description field contains
<arXiv:2005.11599>.
Please refer to arXiv e-prints via their arXiv DOI <doi:10.48550/arXiv.YYMM.NNNNN>.
Flavor: r-devel-linux-x86_64-debian-gcc
Version: 1.1.0
Check: examples
Result: NOTE
Examples with CPU (user + system) or elapsed time > 5s
user system elapsed
rmr 4.536 0.048 5.426
Flavor: r-devel-linux-x86_64-debian-gcc
Version: 1.1.0
Check: dependencies in R code
Result: NOTE
Namespace in Imports field not imported from: ‘glmnet’
All declared Imports should be used.
Flavors: r-devel-linux-x86_64-fedora-clang, r-devel-linux-x86_64-fedora-gcc