Last updated on 2025-11-04 03:51:05 CET.
| Flavor | Version | Tinstall | Tcheck | Ttotal | Status | Flags |
|---|---|---|---|---|---|---|
| r-devel-linux-x86_64-debian-clang | 0.6.8 | 63.13 | 60.27 | 123.40 | OK | |
| r-devel-linux-x86_64-debian-gcc | 0.6.8 | 53.90 | 45.28 | 99.18 | OK | |
| r-devel-linux-x86_64-fedora-clang | 0.6.8 | 113.00 | 67.25 | 180.25 | OK | |
| r-devel-linux-x86_64-fedora-gcc | 0.6.8 | 343.00 | -110.00 | 233.00 | OK | |
| r-devel-windows-x86_64 | 0.6.8 | 63.00 | 115.00 | 178.00 | OK | |
| r-patched-linux-x86_64 | 0.6.8 | 76.99 | 61.56 | 138.55 | OK | |
| r-release-linux-x86_64 | 0.6.8 | 74.74 | 61.55 | 136.29 | OK | |
| r-release-macos-arm64 | 0.6.8 | 37.00 | 28.00 | 65.00 | OK | |
| r-release-macos-x86_64 | 0.6.8 | 59.00 | 102.00 | 161.00 | OK | |
| r-release-windows-x86_64 | 0.6.8 | 59.00 | 113.00 | 172.00 | OK | |
| r-oldrel-macos-arm64 | 0.6.8 | 33.00 | 32.00 | 65.00 | NOTE | |
| r-oldrel-macos-x86_64 | 0.6.8 | 49.00 | 101.00 | 150.00 | NOTE | |
| r-oldrel-windows-x86_64 | 0.6.8 | 76.00 | 133.00 | 209.00 | OK |
Version: 0.6.8
Check: installed package size
Result: NOTE
installed size is 38.8Mb
sub-directories of 1Mb or more:
libs 38.2Mb
Flavors: r-oldrel-macos-arm64, r-oldrel-macos-x86_64