Last updated on 2025-04-30 04:50:17 CEST.
Flavor | Version | Tinstall | Tcheck | Ttotal | Status | Flags |
---|---|---|---|---|---|---|
r-devel-linux-x86_64-debian-clang | 1.2.1 | 7.38 | 54.76 | 62.14 | NOTE | |
r-devel-linux-x86_64-debian-gcc | 1.2.1 | 6.39 | 41.17 | 47.56 | NOTE | |
r-devel-linux-x86_64-fedora-clang | 1.2.1 | 109.81 | OK | |||
r-devel-linux-x86_64-fedora-gcc | 1.2.1 | 95.82 | OK | |||
r-devel-windows-x86_64 | 1.2.1 | 9.00 | 75.00 | 84.00 | OK | |
r-patched-linux-x86_64 | 1.2.1 | 6.71 | 52.51 | 59.22 | OK | |
r-release-linux-x86_64 | 1.2.1 | 7.09 | 52.48 | 59.57 | OK | |
r-release-macos-arm64 | 1.2.1 | 36.00 | OK | |||
r-release-macos-x86_64 | 1.2.1 | 58.00 | OK | |||
r-release-windows-x86_64 | 1.2.1 | 10.00 | 79.00 | 89.00 | OK | |
r-oldrel-macos-arm64 | 1.2.1 | 29.00 | OK | |||
r-oldrel-macos-x86_64 | 1.2.1 | 42.00 | OK | |||
r-oldrel-windows-x86_64 | 1.2.1 | 10.00 | 84.00 | 94.00 | OK |
Version: 1.2.1
Check: CRAN incoming feasibility
Result: NOTE
Maintainer: ‘Jeffrey R. Webber <jwebber@geo.umass.edu>’
No Authors@R field in DESCRIPTION.
Please add one, modifying
Authors@R: person(given = c("Jeffrey", "R."),
family = "Webber",
role = c("aut", "cre"),
email = "jwebber@geo.umass.edu")
as necessary.
Flavors: r-devel-linux-x86_64-debian-clang, r-devel-linux-x86_64-debian-gcc