CRAN Package Check Results for Package Rosenbrock

Last updated on 2025-04-30 04:50:17 CEST.

Flavor Version Tinstall Tcheck Ttotal Status Flags
r-devel-linux-x86_64-debian-clang 0.1.0 1.75 18.82 20.57 NOTE
r-devel-linux-x86_64-debian-gcc 0.1.0 1.39 15.52 16.91 NOTE
r-devel-linux-x86_64-fedora-clang 0.1.0 31.83 OK
r-devel-linux-x86_64-fedora-gcc 0.1.0 30.55 OK
r-devel-windows-x86_64 0.1.0 3.00 44.00 47.00 OK
r-patched-linux-x86_64 0.1.0 1.82 18.31 20.13 OK
r-release-linux-x86_64 0.1.0 1.66 18.16 19.82 OK
r-release-macos-arm64 0.1.0 16.00 OK
r-release-macos-x86_64 0.1.0 25.00 OK
r-release-windows-x86_64 0.1.0 3.00 44.00 47.00 OK
r-oldrel-macos-arm64 0.1.0 15.00 NOTE
r-oldrel-macos-x86_64 0.1.0 22.00 NOTE
r-oldrel-windows-x86_64 0.1.0 4.00 48.00 52.00 NOTE

Check Details

Version: 0.1.0
Check: CRAN incoming feasibility
Result: NOTE Maintainer: ‘Martin Wiegand <Martin.Wiegand@mrc-bsu.cam.ac.uk>’ No Authors@R field in DESCRIPTION. Please add one, modifying Authors@R: person(given = "Martin", family = "Wiegand", role = c("aut", "cre"), email = "martin.wiegand@mrc-bsu.cam.ac.uk") as necessary. The Description field contains Wiegand and Nadarajah (2019) <arXiv:1903.09556>. Please refer to arXiv e-prints via their arXiv DOI <doi:10.48550/arXiv.YYMM.NNNNN>. Flavors: r-devel-linux-x86_64-debian-clang, r-devel-linux-x86_64-debian-gcc

Version: 0.1.0
Check: LazyData
Result: NOTE 'LazyData' is specified without a 'data' directory Flavors: r-oldrel-macos-arm64, r-oldrel-macos-x86_64, r-oldrel-windows-x86_64