CRAN Package Check Results for Package Routliers

Last updated on 2025-04-30 04:50:17 CEST.

Flavor Version Tinstall Tcheck Ttotal Status Flags
r-devel-linux-x86_64-debian-clang 0.0.0.3 5.32 54.29 59.61 NOTE
r-devel-linux-x86_64-debian-gcc 0.0.0.3 3.72 38.59 42.31 NOTE
r-devel-linux-x86_64-fedora-clang 0.0.0.3 81.32 OK
r-devel-linux-x86_64-fedora-gcc 0.0.0.3 77.45 OK
r-devel-windows-x86_64 0.0.0.3 7.00 74.00 81.00 OK
r-patched-linux-x86_64 0.0.0.3 4.61 49.48 54.09 OK
r-release-linux-x86_64 0.0.0.3 5.43 49.61 55.04 OK
r-release-macos-arm64 0.0.0.3 28.00 OK
r-release-macos-x86_64 0.0.0.3 48.00 OK
r-release-windows-x86_64 0.0.0.3 7.00 73.00 80.00 OK
r-oldrel-macos-arm64 0.0.0.3 28.00 OK
r-oldrel-macos-x86_64 0.0.0.3 40.00 OK
r-oldrel-windows-x86_64 0.0.0.3 8.00 82.00 90.00 OK

Check Details

Version: 0.0.0.3
Check: CRAN incoming feasibility
Result: NOTE Maintainer: ‘Marie Delacre <marie.delacre@ulb.ac.be>’ Found the following \keyword or \concept entries which likely give several index terms: File ‘Intention.Rd’: \keyword{Reminder,} Flavors: r-devel-linux-x86_64-debian-clang, r-devel-linux-x86_64-debian-gcc