Last updated on 2025-04-30 04:50:17 CEST.
Flavor | Version | Tinstall | Tcheck | Ttotal | Status | Flags |
---|---|---|---|---|---|---|
r-devel-linux-x86_64-debian-clang | 0.0.5 | 7.78 | 244.11 | 251.89 | NOTE | |
r-devel-linux-x86_64-debian-gcc | 0.0.5 | 5.22 | 186.60 | 191.82 | OK | |
r-devel-linux-x86_64-fedora-clang | 0.0.5 | 409.20 | OK | |||
r-devel-linux-x86_64-fedora-gcc | 0.0.5 | 478.89 | OK | |||
r-devel-windows-x86_64 | 0.0.5 | 11.00 | 249.00 | 260.00 | OK | |
r-patched-linux-x86_64 | 0.0.5 | 6.19 | 292.47 | 298.66 | OK | |
r-release-linux-x86_64 | 0.0.5 | 7.42 | 289.73 | 297.15 | OK | |
r-release-macos-arm64 | 0.0.5 | 121.00 | OK | |||
r-release-macos-x86_64 | 0.0.5 | 299.00 | OK | |||
r-release-windows-x86_64 | 0.0.5 | 11.00 | 245.00 | 256.00 | OK | |
r-oldrel-macos-arm64 | 0.0.5 | 126.00 | OK | |||
r-oldrel-macos-x86_64 | 0.0.5 | 243.00 | OK | |||
r-oldrel-windows-x86_64 | 0.0.5 | 13.00 | 354.00 | 367.00 | OK |
Version: 0.0.5
Check: examples
Result: NOTE
Examples with CPU (user + system) or elapsed time > 5s
user system elapsed
ipmr_generics 4.174 0.17 5.603
Flavor: r-devel-linux-x86_64-debian-clang