Last updated on 2025-04-30 04:50:17 CEST.
Flavor | Version | Tinstall | Tcheck | Ttotal | Status | Flags |
---|---|---|---|---|---|---|
r-devel-linux-x86_64-debian-clang | 0.3.10 | 53.52 | 121.53 | 175.05 | NOTE | |
r-devel-linux-x86_64-debian-gcc | 0.3.10 | 35.50 | 82.33 | 117.83 | OK | |
r-devel-linux-x86_64-fedora-clang | 0.3.10 | 270.50 | OK | |||
r-devel-linux-x86_64-fedora-gcc | 0.3.10 | 271.34 | OK | |||
r-devel-windows-x86_64 | 0.3.10 | 56.00 | 132.00 | 188.00 | OK | |
r-patched-linux-x86_64 | 0.3.10 | 51.44 | 113.66 | 165.10 | OK | |
r-release-linux-x86_64 | 0.3.10 | 51.80 | 112.37 | 164.17 | OK | |
r-release-macos-arm64 | 0.3.10 | 70.00 | OK | |||
r-release-macos-x86_64 | 0.3.10 | 165.00 | OK | |||
r-release-windows-x86_64 | 0.3.10 | 58.00 | 134.00 | 192.00 | OK | |
r-oldrel-macos-arm64 | 0.3.10 | 62.00 | NOTE | |||
r-oldrel-macos-x86_64 | 0.3.10 | 113.00 | NOTE | |||
r-oldrel-windows-x86_64 | 0.3.10 | 70.00 | 183.00 | 253.00 | OK |
Version: 0.3.10
Check: examples
Result: NOTE
Examples with CPU (user + system) or elapsed time > 5s
user system elapsed
Rphylopars-package 3.789 0.134 5.104
Flavor: r-devel-linux-x86_64-debian-clang
Version: 0.3.10
Check: installed package size
Result: NOTE
installed size is 5.5Mb
sub-directories of 1Mb or more:
libs 5.3Mb
Flavors: r-oldrel-macos-arm64, r-oldrel-macos-x86_64