Last updated on 2025-04-30 04:50:18 CEST.
Flavor | Version | Tinstall | Tcheck | Ttotal | Status | Flags |
---|---|---|---|---|---|---|
r-devel-linux-x86_64-debian-clang | 3.1.1 | 8.05 | 281.40 | 289.45 | OK | |
r-devel-linux-x86_64-debian-gcc | 3.1.1 | 5.67 | 206.03 | 211.70 | OK | |
r-devel-linux-x86_64-fedora-clang | 3.1.1 | 445.83 | NOTE | |||
r-devel-linux-x86_64-fedora-gcc | 3.1.1 | 464.90 | NOTE | |||
r-devel-windows-x86_64 | 3.1.1 | 9.00 | 206.00 | 215.00 | OK | |
r-patched-linux-x86_64 | 3.1.1 | 8.35 | 270.96 | 279.31 | OK | |
r-release-linux-x86_64 | 3.1.1 | 8.10 | 270.34 | 278.44 | OK | |
r-release-macos-arm64 | 3.1.1 | 121.00 | OK | |||
r-release-macos-x86_64 | 3.1.1 | 224.00 | OK | |||
r-release-windows-x86_64 | 3.1.1 | 11.00 | 203.00 | 214.00 | OK | |
r-oldrel-macos-arm64 | 3.1.1 | 114.00 | OK | |||
r-oldrel-macos-x86_64 | 3.1.1 | 230.00 | OK | |||
r-oldrel-windows-x86_64 | 3.1.1 | 11.00 | 860.00 | 871.00 | OK |
Version: 3.1.1
Check: dependencies in R code
Result: NOTE
Namespaces in Imports field not imported from:
‘ROCit’ ‘corrplot’ ‘kableExtra’ ‘purrr’ ‘reshape2’
All declared Imports should be used.
Flavors: r-devel-linux-x86_64-fedora-clang, r-devel-linux-x86_64-fedora-gcc