CRAN Package Check Results for Package Rquefts

Last updated on 2025-04-30 04:50:18 CEST.

Flavor Version Tinstall Tcheck Ttotal Status Flags
r-devel-linux-x86_64-debian-clang 1.2-4 25.75 44.79 70.54 NOTE
r-devel-linux-x86_64-debian-gcc 1.2-4 20.16 31.61 51.77 OK
r-devel-linux-x86_64-fedora-clang 1.2-4 115.35 OK
r-devel-linux-x86_64-fedora-gcc 1.2-4 117.02 OK
r-devel-windows-x86_64 1.2-4 30.00 88.00 118.00 OK
r-patched-linux-x86_64 1.2-4 27.82 42.96 70.78 OK
r-release-linux-x86_64 1.2-4 28.11 43.05 71.16 OK
r-release-macos-arm64 1.2-4 35.00 OK
r-release-macos-x86_64 1.2-4 86.00 OK
r-release-windows-x86_64 1.2-4 30.00 86.00 116.00 OK
r-oldrel-macos-arm64 1.2-4 37.00 OK
r-oldrel-macos-x86_64 1.2-4 90.00 OK
r-oldrel-windows-x86_64 1.2-4 28.00 97.00 125.00 OK

Check Details

Version: 1.2-4
Check: examples
Result: NOTE Examples with CPU (user + system) or elapsed time > 5s user system elapsed predict 7.354 0.085 8.627 Flavor: r-devel-linux-x86_64-debian-clang